-w = -3*v + 22. Let s = -20 - w. What is the units digit of s?
4
Let t(q) = -q**3 - 2*q**2 - q - 1. Let l be t(-2). Let r be 1 - 1 - 3*l. Let b = -1 - r. What is the units digit of b?
2
Suppose -3*r + 1 = -113. What is the tens digit of r?
3
Let s = -21 + 21. Suppose -2*n + n + 37 = s. What is the units digit of n?
7
Let v = 96 - 19. What is the units digit of v?
7
What is the units digit of (-2)/(8/50)*-4?
0
Let j = -180 - -281. What is the tens digit of j?
0
Let d(i) = -i. Let o be d(-2). Suppose o*c - c - 32 = 0. What is the units digit of c?
2
Let j(z) = z**2 + 6*z - 7. Let q be j(-7). Suppose q = -i - i. Suppose i = -2*w + 16 - 2. What is the units digit of w?
7
Let t = -11 - -18. What is the units digit of t?
7
Let j(i) = i**2 - 4*i + 10. What is the units digit of j(3)?
7
Let f be (2/4)/(6/24). Suppose 2*i - 4*j + j - 23 = 0, -2*j = f. Suppose -i = -b - 5*g, -2*b + b + 1 = -4*g. What is the units digit of b?
5
Suppose 108 + 112 = 2*f - 2*y, -2*y = -4. Suppose 5*u + t = -0*t + 124, 2*t = 5*u - f. What is the units digit of ((-54)/u)/((-3)/8)?
6
Let s be (-5 + 3)*(1 + -21). Suppose -2*k = -c - 29, 4*c - 3*k + 4*k = -116. Let j = s + c. What is the units digit of j?
1
Let y = 5 - 6. Let d = 18 - y. What is the units digit of d?
9
Let s = 7 - 4. Suppose -5 = -s*i - 2*i. Suppose -w = -i - 4. What is the units digit of w?
5
Let y be (1 - 1)/(-1*2). Let c be 6/(-39) - (-205)/65. Suppose y = c*s - 4*s + 10. What is the units digit of s?
0
Let m = 11 - 4. Suppose 8*z = m*z + 17. What is the units digit of z?
7
Suppose 0 = -3*r - 5*r + 1056. What is the tens digit of r?
3
Suppose 8 = 2*k - 16. Suppose 2*z = 4*r, 0 = 5*z + r + k - 45. Suppose -4*a + 14 = -z. What is the units digit of a?
5
Suppose 0 = -6*b + 2*b + 4. Let h = 3 - b. What is the units digit of h?
2
Let c = -2 - 0. Let m be 3 + c/6*0. Let y = m + 3. What is the units digit of y?
6
Let j(l) = -3*l - 3*l + l**2 + 5 + l. What is the units digit of j(5)?
5
Let z = 2 + 3. Suppose 5*a = -2*w + 40, z*w - 2*a + 0*a - 129 = 0. What is the units digit of w?
5
Suppose 5*g = 2*k - 4*k + 60, -5*g = 0. What is the tens digit of k?
3
Let m = 91 + -57. What is the units digit of m?
4
What is the units digit of 4/6*(-54)/24*-178?
7
Suppose 359 - 44 = 5*s. Suppose 21 = 3*k - s. What is the units digit of k?
8
Let z = 76 - 45. What is the units digit of z?
1
Suppose 20 + 7 = n. What is the units digit of 1/((-3)/n)*-1?
9
Suppose 3*f + 18 = 4*k, -k = -2*k - 5*f - 7. Suppose 0 = k*b + 16 + 26. What is the tens digit of 8/((b/(-4))/7)?
1
Let t be 7*(108/28 - 3). What is the tens digit of (1 - 5)*(-15)/t?
1
Suppose 3*h + 2*v = 1166, 3*h - 764 = -5*v + 396. What is the hundreds digit of h?
3
Suppose -m = 3*d - 12, 3*d + m = -m + 12. Suppose d*q + 5*r - 15 = 0, -5*q = -6*q + 4*r + 9. What is the units digit of q?
5
Suppose 2*g + 2*d + 2 = 0, -g + d - 4*d = 7. Suppose c - 4 + g = 0. Suppose 0 = s - c*s + 1. What is the units digit of s?
1
Let x(z) = -z**3 + 6*z**2 - 3*z - 3. Let c be x(5). Let a = 1 + c. What is the units digit of a?
8
Suppose -28 = -4*p + 20. What is the units digit of p?
2
What is the tens digit of (66/(-8))/(9/48*-2)?
2
Let v(j) = -j**3 + 4*j**2 + 3*j - 3. Suppose -3*l - 5 + 4 = 5*n, -3*n - 3 = l. Let r be (-14)/(-3) + n/3. What is the units digit of v(r)?
9
Suppose -3*k = -o - 318, -4*k - 2*o + 405 = 3*o. What is the tens digit of k?
0
Let g(y) = y**3 + 8*y**2 - 2*y - 12. Let l be g(-8). Suppose 4*p = w + 129, -l*p - 31 = 4*w - 155. What is the tens digit of p?
3
Suppose -2*d + 1108 - 24 = -5*f, -2*f + 3*d = 438. What is the units digit of f/(-10) + 24/60?
2
Suppose 2*o + 0 = 2. Let n(l) = -l - 1. Let d be n(-1). Let y = d + o. What is the units digit of y?
1
Let y(v) = 2*v + 6. Let i be y(7). What is the tens digit of 48/5 + 8/i?
1
Let d = 33 + -23. Let b = 8 - 4. Suppose k = 5*l - 17, b*l = k + k + d. What is the units digit of k?
3
Let s be (-1)/2*(-1 - 1). Let p(c) = 14*c**3 + 2*c - 1. What is the units digit of p(s)?
5
Let o = -4 - -6. Suppose -o*i + 7 = -i. What is the units digit of i?
7
Suppose 0 = 6*c - 115 - 23. What is the tens digit of c?
2
Let v(l) = -6*l - 1. Let p be v(-1). Let g(h) = -h. Let r be g(-3). Suppose 2*c - r - 3 = -4*f, f = -p*c + 6. What is the units digit of f?
1
Let s = 115 - 27. What is the units digit of s?
8
Suppose 3*l = -l + 12. Suppose -2*a - l*v = -54, -3*a + 3*v + 54 = -a. What is the tens digit of a?
2
Let g = 685 - 440. What is the tens digit of g?
4
Suppose -t = -0*a - 2*a + 25, a - 2*t - 17 = 0. What is the units digit of a?
1
Let b = 7 + -3. Let a be b/(-20) + (-32)/(-10). Suppose -a*k = -5*h + 25, 2*h - 1 = -k + 4*k. What is the units digit of h?
8
Let x = 12 + 41. What is the tens digit of x?
5
Let m(a) = a**3 - 7*a**2 + 6*a + 8. Let l be m(6). Let v = l - 2. What is the units digit of v?
6
Let m = 9 - 6. Suppose 0 = -4*q - m*f + 42, -q - 5*f = -4*q + 17. What is the units digit of q?
9
Suppose 0 = -3*x + 81 + 48. What is the units digit of x?
3
Suppose 10*p = 5*p + 70. Let o = p - 6. What is the units digit of o?
8
Suppose o + o - 62 = 0. What is the tens digit of o?
3
Suppose 0 = -5*i + 5*b - 250, -2*i - 3*i = -b + 230. Let z = -29 - i. What is the tens digit of z?
1
Let r(w) = 2*w**2 - 12*w + 7. What is the units digit of r(6)?
7
Let q be (0 - (-1)/3)*-3. Let j(b) = b + 1. Let a be j(-5). What is the units digit of (-50)/(-8) - q/a?
6
Suppose q + 0*y = -y + 8, 0 = -5*q - 3*y + 34. Suppose -q*a = -86 + 16. Let w = a + -4. What is the tens digit of w?
1
Let j be 1/2 - 18/(-4). Suppose j*m + 6 = 2*m. What is the units digit of (-7)/m*(-2)/(-1)?
7
Let s be 0/(-1*(0 - 2)). Let x = 1 + s. What is the units digit of x?
1
Let u(k) = k**3 - 4*k**2 - k - 3. Let d be u(6). Let m = d - 38. What is the tens digit of m?
2
Let y be 2 + 9 + (-2)/1. What is the units digit of y - (-2)/(-4)*2?
8
Let i(j) = -j**3 - 3*j**2 + 3*j + 1. What is the units digit of i(-5)?
6
Suppose -3*q + 203 = 5*k, -k + q + 63 = -4*q. What is the units digit of k?
3
Suppose -69 = -3*l + 48. What is the units digit of l?
9
Let h(s) = -s**2 - 10*s - 2. Let q be h(-11). Let w = q + 22. What is the units digit of w?
9
Let c(i) be the second derivative of 0 + 1/6*i**3 + 0*i**2 - 2*i + 1/2*i**4. What is the units digit of c(1)?
7
Let o(k) = -k**3 - 4*k**2 - 3*k + 1. Let j be o(-3). Let z = -3 - -8. Suppose 3*q - s + 3*s - 14 = 0, 0 = -3*q - z*s - j. What is the units digit of q?
8
Let y(z) = z**2 - z - 3. Let w be y(3). Let s(j) = j - 1. Let m be s(w). Suppose 0*r = -m*r - 4*x + 6, -3*r + 9 = -x. What is the units digit of r?
3
Suppose f - 41 = 5*x, -4*x + x = 2*f - 43. What is the tens digit of f?
2
Let g be -9 + 3/(-6)*-2. Let u = 16 + g. Suppose -2*t = -u - 6. What is the units digit of t?
7
Let w(j) = 16*j - 40. What is the tens digit of w(12)?
5
Suppose 5*r = -r + 12. What is the units digit of (-8 + 11)*r/6?
1
Let q(w) = -w**2 - 4*w. Let r be q(-3). Let x be 122/6 + (-1)/r. Suppose -x = -4*o + 8. What is the units digit of o?
7
Let d(g) = -g**2 + 9*g - 3. Let z be d(5). Suppose 5 + z = -2*q + 2*u, 0 = 3*q - 2*u + 37. Let s = -9 - q. What is the units digit of s?
6
What is the units digit of -4 - -58*(4 + 0)?
8
Suppose 4*k = 2*k + x - 18, -k + 2*x = 6. Let p = -36 + 32. What is the tens digit of k/(-15)*(-114)/p?
1
What is the tens digit of (-2955)/(-75) + (-2)/5?
3
Suppose 0 = 3*l - l + 4*u - 14, l + 8 = 3*u. Suppose -2*b + 13 = l. What is the units digit of b?
6
Suppose 0 = 5*l - 8 - 137. What is the tens digit of l?
2
Let k(x) = -28*x - 62. What is the tens digit of k(-9)?
9
Suppose -4*p + 2*o = 22, -3*p + o - 26 = 2*p. Let h = 7 + p. Suppose -48 = -4*k - 5*y, -5*k + 3*y + 31 = h*y. What is the units digit of k?
7
Suppose 0*x - 12 = -3*x. Suppose -p + 90 = x*p. What is the units digit of p?
8
Let y(w) = -w - 5. Let h = -5 + 7. Suppose 12 = -0*l - h*l. What is the units digit of y(l)?
1
Let d = 10 + -5. Suppose 0 = -4*s - 5*t - 7, d = 4*s - 4*t + 5*t. What is the units digit of s?
2
Suppose -y + 105 = 4*z - z, -3*y - 4*z + 340 = 0. What is the hundreds digit of y?
1
Suppose -363 - 421 = -7*i. What is the hundreds digit of i?
1
Suppose b + b - 4 = i, b + 4*i + 16 = 0. Suppose -3*q + 93 = -b*q. What is the tens digit of q?
3
Let t(j) = -j**2 - j. Let y(x) = x**3 + x**2 + 7*x + 